 the units digit of o(q)?
3
Let u(m) = 8*m**2 + 18*m + 130. What is the hundreds digit of u(-7)?
3
Let y(s) = -4*s + 39. Let k be y(-15). Suppose 5*m = -3*j + 272, -k = -3*m + 3*j + 45. What is the units digit of m?
2
Suppose 3*o + 4*o = -o. Suppose o = n - 0 - 69. What is the units digit of n?
9
Suppose -4*a + 4*i = a - 15, 0 = 3*a + 3*i + 18. Suppose -u = -148 + 147. What is the units digit of (-17 - (u - 4))*a?
4
Let l(k) = 13*k - 35. Let r be l(11). Let t = 188 - r. What is the units digit of t?
0
Let i(y) = -3*y + 1. Let q be i(4). Let z = q + 12. Let p = z + 9. What is the units digit of p?
0
Suppose -3*j + 2*v + 12201 = 0, -54*j - 8134 = -56*j + v. What is the thousands digit of j?
4
Suppose -3*s + 4*u = -3, 4*s - u - 23 = -2*u. Suppose -8*f + 12 = -s*f. Suppose -11 - f = -3*w, 5*p = 5*w + 120. What is the units digit of p?
9
Let f = 549 - 288. What is the units digit of f?
1
What is the hundreds digit of (0 - -5) + (23 - -609)?
6
Let t be 127/6 + (-3)/18. Let f = t - 15. What is the units digit of (-2)/f - (-96)/18?
5
Let l(d) = 15*d + 3*d**2 - 3*d**2 - 3*d**2 + d**2 - 3. Let r(m) = m**3 + 7*m**2 - 9*m - 2. Let i be r(-8). What is the tens digit of l(i)?
1
Let m = 272 + 314. What is the units digit of m?
6
Suppose -2*c + 2*l = -772 - 202, l = -5*c + 2405. What is the tens digit of c?
8
Suppose -x + 190 = 4*c - 954, 286 = c + 2*x. What is the units digit of c?
6
Suppose -7*o + 2428 = -2752. What is the hundreds digit of o?
7
Let m = 2628 - 1628. What is the tens digit of m?
0
Suppose -4*l = 5*b - 547, 3*l - 2*b - 708 = -269. What is the hundreds digit of l?
1
Let f = 5 + 0. Let y(v) = 12*v + 20. What is the tens digit of y(f)?
8
Suppose y + 4*y = -10. What is the tens digit of y/8 + 274/8?
3
Let u(h) be the first derivative of 2*h**2 - 15*h + 6. What is the units digit of u(12)?
3
Let r(k) = -k**3 + 8*k**2 - k. Let u be r(8). Suppose -g = g - 92. Let z = g - u. What is the units digit of z?
4
Let t(y) = 250*y**2 - 23*y + 193. What is the thousands digit of t(5)?
6
Let v = -5460 - -8547. What is the units digit of v?
7
Let v = 841 - 181. What is the tens digit of (v/8)/5*4?
6
Let q be (160/12)/(4 - (-155)/(-39)). Suppose 7*u - 11*u + q = 0. What is the hundreds digit of u?
1
Let h = 6 + -2. Let r be (-320)/(-14) + h/28. Let s = 46 - r. What is the units digit of s?
3
Suppose -3*w - 2 = -2*w. Let h be (4/12)/(w/18). What is the tens digit of h*(-3)/((-27)/(-129))?
4
What is the hundreds digit of (4550/(-56))/((-2)/8)?
3
Let p = -835 - -1975. What is the tens digit of p?
4
What is the tens digit of 1/(-6) - (-77232)/288?
6
Let g be 3 - (-3)/((-15)/(-10)). Suppose -t + 8 = g*s - 25, -3*t + 87 = 3*s. What is the tens digit of t?
2
Suppose -79*c = -76*c + 4*m - 1007, -3*c - m + 992 = 0. What is the hundreds digit of c?
3
What is the hundreds digit of (43/86)/(2 + (-2505)/1254)?
2
Suppose 2*u = 5*t - 16, 4*t = 3*u + 6 + 11. What is the units digit of (-7 + -251 + -5)*(-2)/t?
3
Let a(o) be the first derivative of 7*o**2/2 + 5*o - 4. What is the tens digit of a(3)?
2
Suppose 5*f - 7 = -0*s - 3*s, -3*s + 4*f = -16. Suppose 0 = -s*l - l + 270. What is the tens digit of l?
5
Let j(n) = 3*n. Let q be j(1). Let x = q - -55. What is the tens digit of x?
5
Suppose 0 = -35*l + 16*l + 6517. What is the tens digit of l?
4
Let n(d) be the first derivative of -3/2*d**2 - 12*d + 4. What is the tens digit of n(-9)?
1
Let y(l) = -l**2 - 7*l + 5. Let q be y(-7). Suppose -3 = q*d - 253. What is the tens digit of d?
5
Suppose 4*v = 30*v - 36712. What is the tens digit of v?
1
What is the hundreds digit of (-7472)/(-5) - 1 - 10/25?
4
Let s(z) = -3*z - 3 - 4*z + 4*z. Let p be s(-5). Suppose -124 + p = -4*b - h, 0 = -b - 3*h + 28. What is the tens digit of b?
2
What is the tens digit of -526*(2/8 - 9/12)?
6
Suppose 16*y - 147 = 13. Let c(n) = -n + 20. Let t(m) = 2*m - 40. Let j(o) = 7*c(o) + 3*t(o). What is the tens digit of j(y)?
1
Suppose -843 = -5*l + 1407. What is the tens digit of l?
5
Let h = 15 + -13. Suppose -3*k - 3 = -h*k. What is the units digit of (-2 + 6 - -2) + k?
3
Let q(b) = b**3 - 11*b**2 + 9*b + 14. Let j(h) = -8*h + 2. Let w be j(-1). Let m be q(w). Suppose 139 = -m*r + 335. What is the tens digit of r?
4
Let a = 93 - 99. What is the hundreds digit of (-1 - -3)/(1/((-327)/a))?
1
Suppose 0 = -2*g + j + 586, 3*j - 833 - 55 = -3*g. What is the hundreds digit of g?
2
Let q = 55 - 47. What is the tens digit of (-8)/5*(-220)/q?
4
Let f(r) = 4*r - 1. Let g(k) = -3*k + 1. Let n(d) = -4*f(d) - 5*g(d). Let l(m) = -4*m - 10. Let b(c) = 2*l(c) - 18*n(c). What is the tens digit of b(5)?
4
Let j(k) = k**2 + k - 5. Let u be j(-4). Let y = u + -9. Let t(g) = -2*g**3 - 2*g**2 - g. What is the tens digit of t(y)?
1
Let g be (-1269)/36*(-16)/1. Suppose -12*v = -8*v + g. What is the units digit of (0 - 1)/(3/v)?
7
Suppose 0 = -2*m + 2*o - 2, 2*m + 0*m = 4*o. Let s be m + 2 + (-60)/(-4). What is the units digit of (-96)/(-10) + (-9)/s?
9
Let x(d) = -13*d + 8. Let o(g) = g - 1. Let j(f) = -4*o(f) - x(f). What is the tens digit of j(6)?
5
Suppose 24*y - 20*y = 12. What is the tens digit of y/(205/(-104) - -2)?
0
Let u be (1 - 15/(-20))*8/2. Let q = 57 + u. What is the units digit of q?
4
Let g(u) = -u**3 + u**2 - 3*u + 4. Let t be g(3). Let j = 179 + t. What is the units digit of j?
6
Let i(q) = -4*q**3 + 3*q**2 - 3*q - 2. Let n be i(3). Let w = n + 149. What is the units digit of w?
7
Let x = -435 - -1297. What is the tens digit of x?
6
Let u = 2356 - 1833. What is the hundreds digit of u?
5
Let f = -6 - -22. Let w = 43 + f. What is the units digit of w?
9
Let u be 1*(-2)/1 + 678/3. Suppose 5*g - 5*o - 615 = 0, 3*g = 5*o + 599 - u. What is the units digit of g?
0
Suppose -3*m - 717 = -6*m. Suppose -c = -4, -2*c = -4*f + 109 + m. What is the units digit of f?
9
What is the hundreds digit of ((-101520)/100)/((-15)/50)?
3
Let c be 12/(-30) - 4/(-10). Let b be 1 + c + 1 - 0. Suppose 0 = -3*d + b*d + 21. What is the units digit of d?
1
Let r(k) = k**3 - 8*k**2 + 7*k + 8. Let s be r(7). Suppose 5*y = 4*c + 5, -5*y - 3 + s = 2*c. Suppose c = 5*z - 8 - 17. What is the units digit of z?
5
Let q = 35 - 33. What is the tens digit of q/(-6*(-3)/279)?
3
Suppose 31*d + 30491 = 115090. What is the thousands digit of d?
2
Suppose -960 + 2792 = 4*u. What is the hundreds digit of u?
4
Let v be 3/(-3) + -2 + 31. Let z be -7 + (-189)/(-28) + (-50)/(-8). Suppose -z + v = g. What is the units digit of g?
2
Let n(k) = k**2 + 1. Let h(z) = z - 4. Let w be h(3). Let m be n(w). Suppose -m*q + 0 = -v + 1, -3*v + 5 = -4*q. What is the units digit of q?
1
Suppose r - 13 = -2*z - 2*z, 0 = 3*r - z. Let d be ((-1)/(-2))/(r/(-12)). What is the units digit of (3 - 21)*9/d?
7
Let w be 2 + 319 - (3 - 4). Suppose 168 = 5*p - w. What is the tens digit of p?
9
Let p be 0 + 3 + -3 - -3. Suppose -p*k - 3*b - 138 = 0, 5*k = -0*k - 2*b - 239. Let m = k - -93. What is the units digit of m?
4
Suppose z + 189 + 199 = 4*u, -3*u + 280 = 2*z. Let k be (u/40)/(6/20). Let v(p) = -p**3 + 10*p**2 - 11*p + 14. What is the tens digit of v(k)?
5
Suppose 4*g - 4 = 4*k, -g + 1 = -3*k + 4. Let p be ((-27)/6 + g)*6. Let r(n) = -n**3 - 8*n**2 + 8*n + 6. What is the tens digit of r(p)?
1
Suppose -3*p + 30 = 6*x - 3*x, -35 = -5*p - 2*x. Suppose -12 - p = -u. What is the tens digit of u?
1
Suppose -18 = -i - 26. What is the hundreds digit of (-2008)/(-4)*(-4)/i?
2
Let m be 8/(-12) - (-8)/(-6). Let p = m + -17. Let r = p + 25. What is the units digit of r?
6
Let z be 7/2 + (-2)/(8/6). Suppose 269 = 5*f - 3*y, z*y - y + 3 = 0. What is the units digit of f?
2
Let m(z) be the second derivative of z**6/360 + z**5/120 + z**4/8 + 4*z**3/3 - z. Let h(o) be the second derivative of m(o). What is the units digit of h(0)?
3
Let i(f) = -f**3 - 5*f**2 + 6*f + 2. Let h be i(-6). Let u be (-5)/h*(-66)/15. Let v(o) = 7*o - 8. What is the units digit of v(u)?
9
Suppose 935 = -4*l + h, -4*l - 3*h + 427 = 1382. Let r = l + 459. What is the tens digit of r?
2
Let k be 6*29 - (3 - 3). Let w = k - 91. What is the tens digit of w?
8
Let o be (-9)/6*(-16)/12. Suppose -18 + o = -2*j. Suppose -40 = -5*c - 4*t, 2*c - c - j = t. What is the units digit of c?
8
Suppose 5*b - u = b + 21, 0 = 2*b + 4*u + 12. Suppose -2*k = 5*p + k - 963, b = -k. What is the